{"id":92,"date":"2011-12-05T23:06:48","date_gmt":"2011-12-05T23:06:48","guid":{"rendered":"http:\/\/www.bataille-des-livres.ch\/wp\/atelier-friot\/?page_id=92"},"modified":"2012-01-08T14:07:17","modified_gmt":"2012-01-08T14:07:17","slug":"2eme-activite","status":"publish","type":"page","link":"http:\/\/www.bataille-des-livres.ch\/wp\/atelier-friot\/11-2\/2eme-activite\/","title":{"rendered":"2\u00e8me activit\u00e9"},"content":{"rendered":"<p>Bonjour \u00e0 tous,<br \/>\nj&rsquo;ai suivi sur le site vos messages et vos envois et j&rsquo;ai essay\u00e9 de donner quelques conseils compl\u00e9mentaires. Je continuerai autant que possible \u00e0 regarder r\u00e9guli\u00e8rement le site, ce qui permet d&rsquo;\u00e9changer presque \u00ab\u00a0en direct\u00a0\u00bb. J&rsquo;ai \u00e9t\u00e9 tr\u00e8s heureux de voir toutes les id\u00e9es que vous avez eues, et cela \u00e0 partir de deux mots seulement ! C&rsquo;est ainsi avec les histoires : tr\u00e8s souvent elles partent d&rsquo;un mot ou deux, d&rsquo;une image, d&rsquo;une phrase entendue, etc&#8230;, et elles se d\u00e9veloppent lentement (ou rapidement quand on a de la chance). Cela ne marche pas toujours et c&rsquo;est bien ainsi : l&rsquo;imagination n&rsquo;est pas une m\u00e9canique infaillible.<\/p>\n<p><strong>Des r\u00e9ponses \u00e0 des questions pr\u00e9cises :<\/strong><br \/>\nLa classe 4p de St-L\u00e9onard me demande si j&rsquo;ai d\u00e9j\u00e0 essay\u00e9 de scotcher le bec \u00e0 la porte<br \/>\nimpolie de l&rsquo;histoire \u00ab\u00a0Adoptez une histoire\u00a0\u00bb&#8230;<br \/>\nPas encore ! Je crois que je l&rsquo;aime trop, cette porte ! En imagination, bien s\u00fbr, dans la r\u00e9alit\u00e9 ce serait&#8230; g\u00eanant !<br \/>\nLa classe de 3P-4P de Lutry me conseille de fermer la porte \u00e0 cl\u00e9 pour \u00e9viter les incidents.<br \/>\nTr\u00e8s juste conseil. Mais ce serait dommage, non ?<br \/>\nLa classe de 6-7FR1 des Brenets se demande o\u00f9 je trouve toutes ces id\u00e9es, si j&rsquo;ai des enfants qui m&rsquo;inspirent et ce qui me donne l&rsquo;envie d&rsquo;inventer des histoires&#8230;<br \/>\nEn r\u00e9alit\u00e9, tous les textes propos\u00e9s donnent la r\u00e9ponse : ce n&rsquo;est pas si difficile de trouver des id\u00e9es, il suffit d&rsquo;essayer&#8230; Le principe de base est l&rsquo;association d&rsquo;id\u00e9es : on voit quelque chose, on pense \u00e0 autre chose qui est li\u00e9e. On voit une poubelle, on se demande : et si elle tombait amoureuse ? Ensuite, c&rsquo;est une cha\u00eene de questions. Amoureuse de qui ? D&rsquo;un jeune gar\u00e7on ?<\/p>\n<p>Comment va-t-il r\u00e9agir ? Cette id\u00e9e de la poubelle, je l&rsquo;ai eue en r\u00e9ponse \u00e0 la question<br \/>\n\u00ab\u00a0comment faites-vous pour avoir des id\u00e9es\u00a0\u00bb. J&rsquo;\u00e9tais dans une classe, j&rsquo;ai montr\u00e9 la poubelle, et hop c&rsquo;est parti ! Toutes les id\u00e9es, bien s\u00fbr, ne sont pas utilisables. Et beaucoup d&rsquo;histoires ne sont pas tr\u00e8s int\u00e9ressantes. Mais cela vaut le coup de jouer le jeu !<br \/>\nLa classe d&rsquo;Ana\u00efs Copt me demande quelques conseils : comment faire pour glisser de<br \/>\nl&rsquo;humour ou du suspense dans les textes ? comment et quand choisir un titre ? et si j&rsquo;ai un<br \/>\n\u00ab\u00a0truc\u00a0\u00bb pour placer des marqueurs temporels &#8230;<br \/>\nJe n&rsquo;ai pas vraiment de r\u00e9ponse. Je suis moi-m\u00eame \u00e9tonn\u00e9 d&rsquo;\u00e9crire des textes dr\u00f4les, car je trouve que je n&rsquo;ai pas beaucoup d&rsquo;humour dans la vie. Mais j&rsquo;aime voir les choses de fa\u00e7on d\u00e9cal\u00e9e. Je donne souvent cet exemple : faites raconter \u00e0 vos chaussures votre journ\u00e9e. Oui, votre journ\u00e9e du point de vue de vos chaussures : que voient-elles, que pensent-elles ? Une journ\u00e9e tr\u00e8s banale devient tout \u00e0 coup \u00e9tonnante&#8230;<br \/>\nPour le titre, je propose de le choisir une fois que l&rsquo;histoire est finie. Quand on est plusieurs, on fait une liste de tous les titres qui vous passent par la t\u00eate, et ensuite on choisit celui qui<br \/>\n1) dit le mieux sur le contenu de l&rsquo;histoire,<br \/>\n2) est attirant, surprenant, \u00e9tonnant,<br \/>\n3) donne envie de lire la suite !<br \/>\nQuant aux marqueurs temporels : hou l\u00e0 l\u00e0, voil\u00e0 une question ardue. La r\u00e9ponse est : \u00e7a<br \/>\nd\u00e9pend ! Parfois, il est important qu&rsquo;ils soient tr\u00e8s pr\u00e9cis (pour un r\u00e9cit policier par exemple), d&rsquo;autres fois, ils peuvent \u00eatre assez vagues (dans un conte), voire totalement absents.<br \/>\nL&rsquo;important est que l&rsquo;histoire soit d\u00e9coup\u00e9e en \u00e9pisodes. C&rsquo;est pourquoi je conseille toujours d&rsquo;utiliser une feuille pli\u00e9e en 4 ou en 8 et d&rsquo;\u00e9crire chaque \u00e9pisode sur une page (on peut aussi dessiner avant d&rsquo;\u00e9crire).<br \/>\nBien \u00e0 vous<br \/>\nBernard Friot<\/p>\n<p><strong>Pour t\u00e9l\u00e9charger : <a href=\"http:\/\/www.bataille-des-livres.ch\/wp\/atelier-friot\/files\/2011\/12\/friot-activite-2.pdf\" target=\"_blank\">le 2\u00e8me envoi l&rsquo;auteur<\/a><\/strong><\/p>\n<div style=\"width: 750px; height: auto; overflow: auto; border: 1px solid black; background: none repeat scroll 0% 0% #cccccc; padding: 10px 0px 5px 5em;\">\n<div><strong>Pour r\u00e9agir au message de Bernard Friot<\/strong><\/div>\n<div>Utilisez la zone de commentaire en bas de page.<br \/>\n<em>IMPORTANT : Vous devez vous connecter pour laisser un commentaire.<\/em><\/div>\n<\/div>\n","protected":false},"excerpt":{"rendered":"<p>Bonjour \u00e0 tous, j&rsquo;ai suivi sur le site vos messages et vos envois et j&rsquo;ai essay\u00e9 de donner quelques conseils compl\u00e9mentaires. Je continuerai autant que possible \u00e0 regarder r\u00e9guli\u00e8rement le site, ce qui permet d&rsquo;\u00e9changer presque \u00ab\u00a0en direct\u00a0\u00bb. J&rsquo;ai \u00e9t\u00e9 &hellip; <a href=\"http:\/\/www.bataille-des-livres.ch\/wp\/atelier-friot\/11-2\/2eme-activite\/\">Continuer la lecture <span class=\"meta-nav\">&rarr;<\/span><\/a><\/p>\n","protected":false},"author":1,"featured_media":0,"parent":11,"menu_order":0,"comment_status":"closed","ping_status":"closed","template":"","meta":[],"_links":{"self":[{"href":"http:\/\/www.bataille-des-livres.ch\/wp\/atelier-friot\/wp-json\/wp\/v2\/pages\/92"}],"collection":[{"href":"http:\/\/www.bataille-des-livres.ch\/wp\/atelier-friot\/wp-json\/wp\/v2\/pages"}],"about":[{"href":"http:\/\/www.bataille-des-livres.ch\/wp\/atelier-friot\/wp-json\/wp\/v2\/types\/page"}],"author":[{"embeddable":true,"href":"http:\/\/www.bataille-des-livres.ch\/wp\/atelier-friot\/wp-json\/wp\/v2\/users\/1"}],"replies":[{"embeddable":true,"href":"http:\/\/www.bataille-des-livres.ch\/wp\/atelier-friot\/wp-json\/wp\/v2\/comments?post=92"}],"version-history":[{"count":12,"href":"http:\/\/www.bataille-des-livres.ch\/wp\/atelier-friot\/wp-json\/wp\/v2\/pages\/92\/revisions"}],"predecessor-version":[{"id":108,"href":"http:\/\/www.bataille-des-livres.ch\/wp\/atelier-friot\/wp-json\/wp\/v2\/pages\/92\/revisions\/108"}],"up":[{"embeddable":true,"href":"http:\/\/www.bataille-des-livres.ch\/wp\/atelier-friot\/wp-json\/wp\/v2\/pages\/11"}],"wp:attachment":[{"href":"http:\/\/www.bataille-des-livres.ch\/wp\/atelier-friot\/wp-json\/wp\/v2\/media?parent=92"}],"curies":[{"name":"wp","href":"https:\/\/api.w.org\/{rel}","templated":true}]}}

2ème activité

<p>Bonjour à tous,<br />
j&rsquo;ai suivi sur le site vos messages et vos envois et j&rsquo;ai essayé de donner quelques conseils complémentaires. Je continuerai autant que possible à regarder régulièrement le site, ce qui permet d&rsquo;échanger presque « en direct ». J&rsquo;ai été très heureux de voir toutes les idées que vous avez eues, et cela à partir de deux mots seulement ! C&rsquo;est ainsi avec les histoires : très souvent elles partent d&rsquo;un mot ou deux, d&rsquo;une image, d&rsquo;une phrase entendue, etc&#8230;, et elles se développent lentement (ou rapidement quand on a de la chance). Cela ne marche pas toujours et c&rsquo;est bien ainsi : l&rsquo;imagination n&rsquo;est pas une mécanique infaillible.</p>
<p><strong>Des réponses à des questions précises :</strong><br />
La classe 4p de St-Léonard me demande si j&rsquo;ai déjà essayé de scotcher le bec à la porte<br />
impolie de l&rsquo;histoire « Adoptez une histoire »&#8230;<br />
Pas encore ! Je crois que je l&rsquo;aime trop, cette porte ! En imagination, bien sûr, dans la réalité ce serait&#8230; gênant !<br />
La classe de 3P-4P de Lutry me conseille de fermer la porte à clé pour éviter les incidents.<br />
Très juste conseil. Mais ce serait dommage, non ?<br />
La classe de 6-7FR1 des Brenets se demande où je trouve toutes ces idées, si j&rsquo;ai des enfants qui m&rsquo;inspirent et ce qui me donne l&rsquo;envie d&rsquo;inventer des histoires&#8230;<br />
En réalité, tous les textes proposés donnent la réponse : ce n&rsquo;est pas si difficile de trouver des idées, il suffit d&rsquo;essayer&#8230; Le principe de base est l&rsquo;association d&rsquo;idées : on voit quelque chose, on pense à autre chose qui est liée. On voit une poubelle, on se demande : et si elle tombait amoureuse ? Ensuite, c&rsquo;est une chaîne de questions. Amoureuse de qui ? D&rsquo;un jeune garçon ?</p>
<p>Comment va-t-il réagir ? Cette idée de la poubelle, je l&rsquo;ai eue en réponse à la question<br />
« comment faites-vous pour avoir des idées ». J&rsquo;étais dans une classe, j&rsquo;ai montré la poubelle, et hop c&rsquo;est parti ! Toutes les idées, bien sûr, ne sont pas utilisables. Et beaucoup d&rsquo;histoires ne sont pas très intéressantes. Mais cela vaut le coup de jouer le jeu !<br />
La classe d&rsquo;Anaïs Copt me demande quelques conseils : comment faire pour glisser de<br />
l&rsquo;humour ou du suspense dans les textes ? comment et quand choisir un titre ? et si j&rsquo;ai un<br />
« truc » pour placer des marqueurs temporels &#8230;<br />
Je n&rsquo;ai pas vraiment de réponse. Je suis moi-même étonné d&rsquo;écrire des textes drôles, car je trouve que je n&rsquo;ai pas beaucoup d&rsquo;humour dans la vie. Mais j&rsquo;aime voir les choses de façon décalée. Je donne souvent cet exemple : faites raconter à vos chaussures votre journée. Oui, votre journée du point de vue de vos chaussures : que voient-elles, que pensent-elles ? Une journée très banale devient tout à coup étonnante&#8230;<br />
Pour le titre, je propose de le choisir une fois que l&rsquo;histoire est finie. Quand on est plusieurs, on fait une liste de tous les titres qui vous passent par la tête, et ensuite on choisit celui qui<br />
1) dit le mieux sur le contenu de l&rsquo;histoire,<br />
2) est attirant, surprenant, étonnant,<br />
3) donne envie de lire la suite !<br />
Quant aux marqueurs temporels : hou là là, voilà une question ardue. La réponse est : ça<br />
dépend ! Parfois, il est important qu&rsquo;ils soient très précis (pour un récit policier par exemple), d&rsquo;autres fois, ils peuvent être assez vagues (dans un conte), voire totalement absents.<br />
L&rsquo;important est que l&rsquo;histoire soit découpée en épisodes. C&rsquo;est pourquoi je conseille toujours d&rsquo;utiliser une feuille pliée en 4 ou en 8 et d&rsquo;écrire chaque épisode sur une page (on peut aussi dessiner avant d&rsquo;écrire).<br />
Bien à vous<br />
Bernard Friot</p>
<p><strong>Pour télécharger : <a href="http://www.bataille-des-livres.ch/wp/atelier-friot/files/2011/12/friot-activite-2.pdf" target="_blank">le 2ème envoi l&rsquo;auteur</a></strong></p>
<div style="width: 750px; height: auto; overflow: auto; border: 1px solid black; background: none repeat scroll 0% 0% #cccccc; padding: 10px 0px 5px 5em;">
<div><strong>Pour réagir au message de Bernard Friot</strong></div>
<div>Utilisez la zone de commentaire en bas de page.<br />
<em>IMPORTANT : Vous devez vous connecter pour laisser un commentaire.</em></div>
</div>

<p>Bonjour à tous, j&rsquo;ai suivi sur le site vos messages et vos envois et j&rsquo;ai essayé de donner quelques conseils complémentaires. Je continuerai autant que possible à regarder régulièrement le site, ce qui permet d&rsquo;échanger presque « en direct ». J&rsquo;ai été &hellip; <a href="http://www.bataille-des-livres.ch/wp/atelier-friot/11-2/2eme-activite/">Continuer la lecture <span class="meta-nav">&rarr;</span></a></p>
