{"id":125,"date":"2011-12-06T00:29:23","date_gmt":"2011-12-06T00:29:23","guid":{"rendered":"http:\/\/www.bataille-des-livres.ch\/wp\/atelier-scotto\/?page_id=125"},"modified":"2012-01-08T14:44:09","modified_gmt":"2012-01-08T14:44:09","slug":"2eme-activite","status":"publish","type":"page","link":"http:\/\/www.bataille-des-livres.ch\/wp\/atelier-scotto\/calendrier-de-latelier\/2eme-activite\/","title":{"rendered":"2\u00e8me activit\u00e9"},"content":{"rendered":"<p><a href=\"http:\/\/www.bataille-des-livres.ch\/wp\/atelier-scotto\/files\/2011\/12\/noel.jpg\"><img loading=\"lazy\" class=\"size-medium wp-image-135 alignleft\" title=\"noel\" src=\"http:\/\/www.bataille-des-livres.ch\/wp\/atelier-scotto\/files\/2011\/12\/noel-210x300.jpg\" alt=\"\" width=\"193\" height=\"270\" \/><\/a>B o N J o U r !<br \/>\n(Sur l\u2019air de Petit Papa No\u00ebl)<br \/>\n\u00ab &#8230;Avec vos m\u00e9tiers par milliers&#8230;<br \/>\nJ\u2019crois qu\u2019le monde peut enfin tourner&#8230;\u00bb<br \/>\nComme j\u2019ai gliss\u00e9 dans les commentaires, j\u2019ai souvent eu le sourire au coin des l\u00e8vres en d\u00e9couvrant, petit \u00e0 petit, vos descriptions et autres manuels de m\u00e9tiers.<\/p>\n<p>Et comme je crois que les choses invent\u00e9es trouvent une place<br \/>\ndans la r\u00e9alit\u00e9, le futur n\u2019a qu\u2019\u00e0 bien se tenir : Bient\u00f4t, ce ne sera que du plaisir de travailler !<br \/>\n(\u00c7a c\u2019est ce que je vous souhaite pour la vie en vrai !)<\/p>\n<p><a href=\"http:\/\/www.bataille-des-livres.ch\/wp\/atelier-scotto\/files\/2011\/12\/flocons.jpg\"><img loading=\"lazy\" class=\"size-medium wp-image-136 alignright\" title=\"flocons\" src=\"http:\/\/www.bataille-des-livres.ch\/wp\/atelier-scotto\/files\/2011\/12\/flocons-300x300.jpg\" alt=\"\" width=\"177\" height=\"177\" srcset=\"http:\/\/www.bataille-des-livres.ch\/wp\/atelier-scotto\/files\/2011\/12\/flocons-300x300.jpg 300w, http:\/\/www.bataille-des-livres.ch\/wp\/atelier-scotto\/files\/2011\/12\/flocons-150x150.jpg 150w, http:\/\/www.bataille-des-livres.ch\/wp\/atelier-scotto\/files\/2011\/12\/flocons.jpg 350w\" sizes=\"(max-width: 177px) 100vw, 177px\" \/><\/a>Le petit souci pour vous aujourd\u2019hui&#8230;avec tout ce que j\u2019ai lu, c\u2019est que vous ne pouvez plus vous cacher derri\u00e8re un \u00ab J\u2019ai pas d\u2019id\u00e9e \u00bb&#8230;\u00ab Je ne sais pas \u00e9crire \u00bb&#8230; \u00ab J\u2019vais pas y<br \/>\narriver \u00bb&#8230; \u00ab Plut\u00f4t manger de l\u2019extraterrestre que de prendre un stylo&#8230; \u00bb<br \/>\nImpossible !<br \/>\nVous \u00eates grill\u00e9s !<br \/>\nEt l\u00e0, vous \u00eates bien chauds pour la deuxi\u00e8me pi\u00e8ce du puzzle&#8230;<br \/>\nAutant dire la seconde activit\u00e9 !<\/p>\n<p><a href=\"http:\/\/www.bataille-des-livres.ch\/wp\/atelier-scotto\/files\/2011\/12\/scotto-activite-2.pdf\" target=\"_blank\">Pour d\u00e9couvrir la 2\u00e8me activit\u00e9 de Thomas Scotto<\/a><\/p>\n<div style=\"width: 600px; height: auto; overflow: auto; border: 1px solid black; background: none repeat scroll 0% 0% #cccccc; padding: 10px 10px 5px 5em;\">\n<p><strong>Rappel de la demande de Thomas Scotto<\/strong><\/p>\n<p><strong>Je vous propose d\u2019inventer quelques bouts de vie d\u2019un adulte<\/strong>.<\/p>\n<p>Grand, petit, moyen vieux ou tr\u00e8s vieux, avec des cheveux ou sans, avec le sourire ou en col\u00e8re, au travail ou sur le bout des vacances, dans ses loisirs ou ses soucis, un connu ou<br \/>\nanonyme&#8230;bref, un adulte fille ou gar\u00e7on !<\/p>\n<p>Cela n\u2019a pas besoin d\u2019\u00eatre tr\u00e8s long mais le plus pr\u00e9cis possible. Cela peut \u00eatre dr\u00f4le, po\u00e9tique, s\u00e9rieux ou triste, bien s\u00fbr. Vous pouvez vous inspirer d\u2019adultes qui vous entourent ou en inventer des nouveaux. Si certains font en plus un des m\u00e9tiers que vous avez invent\u00e9s un peu plus t\u00f4t alors l\u00e0&#8230; !<\/p>\n<p>Pour ne pas trop vous \u00e9parpiller, choisissez simplement 1 \u00e9v\u00e9nement, 1 trait de caract\u00e8re ou 1 id\u00e9e forte par texte et trouvez les meilleurs mots pour en parler. (\u00e0 l\u2019aide de comparaisons, de jeux de mots&#8230;etc).<\/p>\n<p>Attention, c\u2019est plus qu\u2019un simple portrait&#8230;vraiment un petit bout de vie.<\/p>\n<p><strong><em> Utilisez la zone de commentaire en bas de page pour me communiquer votre liste.<\/em><\/strong><br \/>\n<strong> <em>IMPORTANT : Vous devez vous connecter pour laisser un commentaire.<\/em><\/strong><\/p>\n<\/div>\n","protected":false},"excerpt":{"rendered":"<p>B o N J o U r ! (Sur l\u2019air de Petit Papa No\u00ebl) \u00ab &#8230;Avec vos m\u00e9tiers par milliers&#8230; J\u2019crois qu\u2019le monde peut enfin tourner&#8230;\u00bb Comme j\u2019ai gliss\u00e9 dans les commentaires, j\u2019ai souvent eu le sourire au coin des &hellip; <a href=\"http:\/\/www.bataille-des-livres.ch\/wp\/atelier-scotto\/calendrier-de-latelier\/2eme-activite\/\">Continuer la lecture <span class=\"meta-nav\">&rarr;<\/span><\/a><\/p>\n","protected":false},"author":1,"featured_media":0,"parent":19,"menu_order":0,"comment_status":"closed","ping_status":"closed","template":"","meta":[],"_links":{"self":[{"href":"http:\/\/www.bataille-des-livres.ch\/wp\/atelier-scotto\/wp-json\/wp\/v2\/pages\/125"}],"collection":[{"href":"http:\/\/www.bataille-des-livres.ch\/wp\/atelier-scotto\/wp-json\/wp\/v2\/pages"}],"about":[{"href":"http:\/\/www.bataille-des-livres.ch\/wp\/atelier-scotto\/wp-json\/wp\/v2\/types\/page"}],"author":[{"embeddable":true,"href":"http:\/\/www.bataille-des-livres.ch\/wp\/atelier-scotto\/wp-json\/wp\/v2\/users\/1"}],"replies":[{"embeddable":true,"href":"http:\/\/www.bataille-des-livres.ch\/wp\/atelier-scotto\/wp-json\/wp\/v2\/comments?post=125"}],"version-history":[{"count":14,"href":"http:\/\/www.bataille-des-livres.ch\/wp\/atelier-scotto\/wp-json\/wp\/v2\/pages\/125\/revisions"}],"predecessor-version":[{"id":143,"href":"http:\/\/www.bataille-des-livres.ch\/wp\/atelier-scotto\/wp-json\/wp\/v2\/pages\/125\/revisions\/143"}],"up":[{"embeddable":true,"href":"http:\/\/www.bataille-des-livres.ch\/wp\/atelier-scotto\/wp-json\/wp\/v2\/pages\/19"}],"wp:attachment":[{"href":"http:\/\/www.bataille-des-livres.ch\/wp\/atelier-scotto\/wp-json\/wp\/v2\/media?parent=125"}],"curies":[{"name":"wp","href":"https:\/\/api.w.org\/{rel}","templated":true}]}}

2ème activité

<p><a href="http://www.bataille-des-livres.ch/wp/atelier-scotto/files/2011/12/noel.jpg"><img loading="lazy" class="size-medium wp-image-135 alignleft" title="noel" src="http://www.bataille-des-livres.ch/wp/atelier-scotto/files/2011/12/noel-210x300.jpg" alt="" width="193" height="270" /></a>B o N J o U r !<br />
(Sur l’air de Petit Papa Noël)<br />
« &#8230;Avec vos métiers par milliers&#8230;<br />
J’crois qu’le monde peut enfin tourner&#8230;»<br />
Comme j’ai glissé dans les commentaires, j’ai souvent eu le sourire au coin des lèvres en découvrant, petit à petit, vos descriptions et autres manuels de métiers.</p>
<p>Et comme je crois que les choses inventées trouvent une place<br />
dans la réalité, le futur n’a qu’à bien se tenir : Bientôt, ce ne sera que du plaisir de travailler !<br />
(Ça c’est ce que je vous souhaite pour la vie en vrai !)</p>
<p><a href="http://www.bataille-des-livres.ch/wp/atelier-scotto/files/2011/12/flocons.jpg"><img loading="lazy" class="size-medium wp-image-136 alignright" title="flocons" src="http://www.bataille-des-livres.ch/wp/atelier-scotto/files/2011/12/flocons-300x300.jpg" alt="" width="177" height="177" srcset="http://www.bataille-des-livres.ch/wp/atelier-scotto/files/2011/12/flocons-300x300.jpg 300w, http://www.bataille-des-livres.ch/wp/atelier-scotto/files/2011/12/flocons-150x150.jpg 150w, http://www.bataille-des-livres.ch/wp/atelier-scotto/files/2011/12/flocons.jpg 350w" sizes="(max-width: 177px) 100vw, 177px" /></a>Le petit souci pour vous aujourd’hui&#8230;avec tout ce que j’ai lu, c’est que vous ne pouvez plus vous cacher derrière un « J’ai pas d’idée »&#8230;« Je ne sais pas écrire »&#8230; « J’vais pas y<br />
arriver »&#8230; « Plutôt manger de l’extraterrestre que de prendre un stylo&#8230; »<br />
Impossible !<br />
Vous êtes grillés !<br />
Et là, vous êtes bien chauds pour la deuxième pièce du puzzle&#8230;<br />
Autant dire la seconde activité !</p>
<p><a href="http://www.bataille-des-livres.ch/wp/atelier-scotto/files/2011/12/scotto-activite-2.pdf" target="_blank">Pour découvrir la 2ème activité de Thomas Scotto</a></p>
<div style="width: 600px; height: auto; overflow: auto; border: 1px solid black; background: none repeat scroll 0% 0% #cccccc; padding: 10px 10px 5px 5em;">
<p><strong>Rappel de la demande de Thomas Scotto</strong></p>
<p><strong>Je vous propose d’inventer quelques bouts de vie d’un adulte</strong>.</p>
<p>Grand, petit, moyen vieux ou très vieux, avec des cheveux ou sans, avec le sourire ou en colère, au travail ou sur le bout des vacances, dans ses loisirs ou ses soucis, un connu ou<br />
anonyme&#8230;bref, un adulte fille ou garçon !</p>
<p>Cela n’a pas besoin d’être très long mais le plus précis possible. Cela peut être drôle, poétique, sérieux ou triste, bien sûr. Vous pouvez vous inspirer d’adultes qui vous entourent ou en inventer des nouveaux. Si certains font en plus un des métiers que vous avez inventés un peu plus tôt alors là&#8230; !</p>
<p>Pour ne pas trop vous éparpiller, choisissez simplement 1 événement, 1 trait de caractère ou 1 idée forte par texte et trouvez les meilleurs mots pour en parler. (à l’aide de comparaisons, de jeux de mots&#8230;etc).</p>
<p>Attention, c’est plus qu’un simple portrait&#8230;vraiment un petit bout de vie.</p>
<p><strong><em> Utilisez la zone de commentaire en bas de page pour me communiquer votre liste.</em></strong><br />
<strong> <em>IMPORTANT : Vous devez vous connecter pour laisser un commentaire.</em></strong></p>
</div>

<p>B o N J o U r ! (Sur l’air de Petit Papa Noël) « &#8230;Avec vos métiers par milliers&#8230; J’crois qu’le monde peut enfin tourner&#8230;» Comme j’ai glissé dans les commentaires, j’ai souvent eu le sourire au coin des &hellip; <a href="http://www.bataille-des-livres.ch/wp/atelier-scotto/calendrier-de-latelier/2eme-activite/">Continuer la lecture <span class="meta-nav">&rarr;</span></a></p>
