{"id":8,"date":"2014-11-02T21:40:04","date_gmt":"2014-11-02T20:40:04","guid":{"rendered":"http:\/\/www.bataille-des-livres.ch\/wp\/barman2014ab\/?page_id=8"},"modified":"2014-12-03T14:46:50","modified_gmt":"2014-12-03T13:46:50","slug":"calendrier-de-lactivite","status":"publish","type":"page","link":"http:\/\/www.bataille-des-livres.ch\/wp\/barman2014ab\/calendrier-de-lactivite\/","title":{"rendered":"Calendrier de l&rsquo;activit\u00e9"},"content":{"rendered":"<p><strong>10 novembre 2014<\/strong> : Publication de la 1\u00e8re illustration<br \/>\n<strong>Du 10 novembre au 3 d\u00e9cembre 2014<\/strong> : Envoi du 1<sup>er<\/sup> texte par les classes<br \/>\n<strong>Du 4 au 12 d\u00e9cembre 2014<\/strong> : Lectures des textes et choix du 1<sup>er<\/sup> texte par les classes<\/p>\n<p><strong>5 janvier 2015<\/strong> : Publication de la 2<sup>\u00e8me<\/sup> illustration<br \/>\n<strong>Du 5 au 28 janvier 2015<\/strong> : Envoi du 2<sup>\u00e8me<\/sup> texte par les classes<br \/>\n<strong>Du 29 janvier au 6 f\u00e9vrier 2015<\/strong> : Lectures des textes et choix du 2<sup>\u00e8me<\/sup> texte par les classes<\/p>\n<p><strong>2 mars 2015<\/strong> : Publication de la 3<sup>\u00e8me<\/sup> illustration<br \/>\n<strong>Du 2 au 27 mars 2015<\/strong> : Envoi du 3<sup>\u00e8me<\/sup> texte par les classes<br \/>\n<strong>Du 12 au 29 avril 2015<\/strong> : Lectures des textes et choix du 3<sup>\u00e8me<\/sup> texte par les classes<\/p>\n<p><strong>D\u00e9but mai<\/strong> : Texte final<\/p>\n","protected":false},"excerpt":{"rendered":"<p>10 novembre 2014 : Publication de la 1\u00e8re illustration Du 10 novembre au 3 d\u00e9cembre 2014 : Envoi du 1er texte par les classes Du 4 au 12 d\u00e9cembre 2014 : Lectures des textes et choix du 1er texte par &hellip; <a href=\"http:\/\/www.bataille-des-livres.ch\/wp\/barman2014ab\/calendrier-de-lactivite\/\">Continuer la lecture <span class=\"meta-nav\">&rarr;<\/span><\/a><\/p>\n","protected":false},"author":1,"featured_media":0,"parent":0,"menu_order":0,"comment_status":"closed","ping_status":"closed","template":"","meta":[],"_links":{"self":[{"href":"http:\/\/www.bataille-des-livres.ch\/wp\/barman2014ab\/wp-json\/wp\/v2\/pages\/8"}],"collection":[{"href":"http:\/\/www.bataille-des-livres.ch\/wp\/barman2014ab\/wp-json\/wp\/v2\/pages"}],"about":[{"href":"http:\/\/www.bataille-des-livres.ch\/wp\/barman2014ab\/wp-json\/wp\/v2\/types\/page"}],"author":[{"embeddable":true,"href":"http:\/\/www.bataille-des-livres.ch\/wp\/barman2014ab\/wp-json\/wp\/v2\/users\/1"}],"replies":[{"embeddable":true,"href":"http:\/\/www.bataille-des-livres.ch\/wp\/barman2014ab\/wp-json\/wp\/v2\/comments?post=8"}],"version-history":[{"count":2,"href":"http:\/\/www.bataille-des-livres.ch\/wp\/barman2014ab\/wp-json\/wp\/v2\/pages\/8\/revisions"}],"predecessor-version":[{"id":28,"href":"http:\/\/www.bataille-des-livres.ch\/wp\/barman2014ab\/wp-json\/wp\/v2\/pages\/8\/revisions\/28"}],"wp:attachment":[{"href":"http:\/\/www.bataille-des-livres.ch\/wp\/barman2014ab\/wp-json\/wp\/v2\/media?parent=8"}],"curies":[{"name":"wp","href":"https:\/\/api.w.org\/{rel}","templated":true}]}}

Calendrier de l&rsquo;activité

<p><strong>10 novembre 2014</strong> : Publication de la 1ère illustration<br />
<strong>Du 10 novembre au 3 décembre 2014</strong> : Envoi du 1<sup>er</sup> texte par les classes<br />
<strong>Du 4 au 12 décembre 2014</strong> : Lectures des textes et choix du 1<sup>er</sup> texte par les classes</p>
<p><strong>5 janvier 2015</strong> : Publication de la 2<sup>ème</sup> illustration<br />
<strong>Du 5 au 28 janvier 2015</strong> : Envoi du 2<sup>ème</sup> texte par les classes<br />
<strong>Du 29 janvier au 6 février 2015</strong> : Lectures des textes et choix du 2<sup>ème</sup> texte par les classes</p>
<p><strong>2 mars 2015</strong> : Publication de la 3<sup>ème</sup> illustration<br />
<strong>Du 2 au 27 mars 2015</strong> : Envoi du 3<sup>ème</sup> texte par les classes<br />
<strong>Du 12 au 29 avril 2015</strong> : Lectures des textes et choix du 3<sup>ème</sup> texte par les classes</p>
<p><strong>Début mai</strong> : Texte final</p>

<p>10 novembre 2014 : Publication de la 1ère illustration Du 10 novembre au 3 décembre 2014 : Envoi du 1er texte par les classes Du 4 au 12 décembre 2014 : Lectures des textes et choix du 1er texte par &hellip; <a href="http://www.bataille-des-livres.ch/wp/barman2014ab/calendrier-de-lactivite/">Continuer la lecture <span class="meta-nav">&rarr;</span></a></p>
