{"id":158,"date":"2013-06-20T12:15:07","date_gmt":"2013-06-20T11:15:07","guid":{"rendered":"http:\/\/www.bataille-des-livres.ch\/wp\/mathuisieulx\/?page_id=158"},"modified":"2014-11-02T16:33:48","modified_gmt":"2014-11-02T15:33:48","slug":"envoi-final","status":"publish","type":"page","link":"http:\/\/www.bataille-des-livres.ch\/wp\/mathuisieulx\/","title":{"rendered":"Envoi final"},"content":{"rendered":"<p>Chers amis, filles et gar\u00e7ons, petits et grands, ma\u00eetres et ma\u00eetresses, j&rsquo;esp\u00e8re que vous vous \u00eates beaucoup amus\u00e9s en travaillant avec moi sur ce texte. Vous avez su me faire rire, sourire, m&rsquo;\u00e9tonner, et je vous f\u00e9licite de tout coeur.<\/p>\n<p>Je trouve que le r\u00e9sultat est assez sympa, non ? Vous pourrez l&rsquo;imprimer pour avoir un souvenir ! J&rsquo;ai calibr\u00e9 le fichier pour que l&rsquo;impression en format A5 soit confortable \u00e0 lire. C&rsquo;est un format que j&rsquo;aime bien, je le trouve plus sympa que le A4&#8230;<\/p>\n<p><strong>Pour d\u00e9couvrir :<\/strong> <a href=\"http:\/\/www.bataille-des-livres.ch\/wp\/mathuisieulx\/files\/2013\/06\/mais-qui-a-vole-la-tele-.pdf\" target=\"_blank\">Mais qui a vol\u00e9 la t\u00e9l\u00e9?<\/a><\/p>\n<p>Et vous pourrez aussi choisir une couverture parmi les deux que je propose (sans illustration, puisque je ne suis pas illustratrice, mais rien ne vous emp\u00eache de fabriquer votre propre couverture ! ) .<\/p>\n<p><strong>Pour d\u00e9couvrir :<\/strong> <a href=\"http:\/\/www.bataille-des-livres.ch\/wp\/mathuisieulx\/files\/2013\/06\/couv-bdl-1.pdf\" target=\"_blank\">couverture 1<\/a> &#8211; <a href=\"http:\/\/www.bataille-des-livres.ch\/wp\/mathuisieulx\/files\/2013\/06\/couv-bdl-2.pdf\" target=\"_blank\">couverture 2<\/a><\/p>\n<p>Bravo, donc, et merci \u00e0 tous. Peut-\u00eatre nos chemins se recroiseront-ils un jour ?<\/p>\n<p>Sylvie<\/p>\n<p>&nbsp;<\/p>\n","protected":false},"excerpt":{"rendered":"<p>Chers amis, filles et gar\u00e7ons, petits et grands, ma\u00eetres et ma\u00eetresses, j&rsquo;esp\u00e8re que vous vous \u00eates beaucoup amus\u00e9s en travaillant avec moi sur ce texte. Vous avez su me faire rire, sourire, m&rsquo;\u00e9tonner, et je vous f\u00e9licite de tout coeur. &hellip; <a href=\"http:\/\/www.bataille-des-livres.ch\/wp\/mathuisieulx\/\">Continuer la lecture <span class=\"meta-nav\">&rarr;<\/span><\/a><\/p>\n","protected":false},"author":2,"featured_media":0,"parent":2,"menu_order":0,"comment_status":"open","ping_status":"closed","template":"","meta":[],"_links":{"self":[{"href":"http:\/\/www.bataille-des-livres.ch\/wp\/mathuisieulx\/wp-json\/wp\/v2\/pages\/158"}],"collection":[{"href":"http:\/\/www.bataille-des-livres.ch\/wp\/mathuisieulx\/wp-json\/wp\/v2\/pages"}],"about":[{"href":"http:\/\/www.bataille-des-livres.ch\/wp\/mathuisieulx\/wp-json\/wp\/v2\/types\/page"}],"author":[{"embeddable":true,"href":"http:\/\/www.bataille-des-livres.ch\/wp\/mathuisieulx\/wp-json\/wp\/v2\/users\/2"}],"replies":[{"embeddable":true,"href":"http:\/\/www.bataille-des-livres.ch\/wp\/mathuisieulx\/wp-json\/wp\/v2\/comments?post=158"}],"version-history":[{"count":9,"href":"http:\/\/www.bataille-des-livres.ch\/wp\/mathuisieulx\/wp-json\/wp\/v2\/pages\/158\/revisions"}],"predecessor-version":[{"id":181,"href":"http:\/\/www.bataille-des-livres.ch\/wp\/mathuisieulx\/wp-json\/wp\/v2\/pages\/158\/revisions\/181"}],"up":[{"embeddable":true,"href":"http:\/\/www.bataille-des-livres.ch\/wp\/mathuisieulx\/wp-json\/wp\/v2\/pages\/2"}],"wp:attachment":[{"href":"http:\/\/www.bataille-des-livres.ch\/wp\/mathuisieulx\/wp-json\/wp\/v2\/media?parent=158"}],"curies":[{"name":"wp","href":"https:\/\/api.w.org\/{rel}","templated":true}]}}

<p>Chers amis, filles et garçons, petits et grands, maîtres et maîtresses, j&rsquo;espère que vous vous êtes beaucoup amusés en travaillant avec moi sur ce texte. Vous avez su me faire rire, sourire, m&rsquo;étonner, et je vous félicite de tout coeur.</p>
<p>Je trouve que le résultat est assez sympa, non ? Vous pourrez l&rsquo;imprimer pour avoir un souvenir ! J&rsquo;ai calibré le fichier pour que l&rsquo;impression en format A5 soit confortable à lire. C&rsquo;est un format que j&rsquo;aime bien, je le trouve plus sympa que le A4&#8230;</p>
<p><strong>Pour découvrir :</strong> <a href="http://www.bataille-des-livres.ch/wp/mathuisieulx/files/2013/06/mais-qui-a-vole-la-tele-.pdf" target="_blank">Mais qui a volé la télé?</a></p>
<p>Et vous pourrez aussi choisir une couverture parmi les deux que je propose (sans illustration, puisque je ne suis pas illustratrice, mais rien ne vous empêche de fabriquer votre propre couverture ! ) .</p>
<p><strong>Pour découvrir :</strong> <a href="http://www.bataille-des-livres.ch/wp/mathuisieulx/files/2013/06/couv-bdl-1.pdf" target="_blank">couverture 1</a> &#8211; <a href="http://www.bataille-des-livres.ch/wp/mathuisieulx/files/2013/06/couv-bdl-2.pdf" target="_blank">couverture 2</a></p>
<p>Bravo, donc, et merci à tous. Peut-être nos chemins se recroiseront-ils un jour ?</p>
<p>Sylvie</p>
<p>&nbsp;</p>

<p>Chers amis, filles et garçons, petits et grands, maîtres et maîtresses, j&rsquo;espère que vous vous êtes beaucoup amusés en travaillant avec moi sur ce texte. Vous avez su me faire rire, sourire, m&rsquo;étonner, et je vous félicite de tout coeur. &hellip; <a href="http://www.bataille-des-livres.ch/wp/mathuisieulx/">Continuer la lecture <span class="meta-nav">&rarr;</span></a></p>
