{"id":17,"date":"2014-11-02T19:10:13","date_gmt":"2014-11-02T18:10:13","guid":{"rendered":"http:\/\/www.bataille-des-livres.ch\/wp\/sampar2014\/?page_id=17"},"modified":"2014-11-10T11:34:11","modified_gmt":"2014-11-10T10:34:11","slug":"1ere-activite","status":"publish","type":"page","link":"http:\/\/www.bataille-des-livres.ch\/wp\/sampar2014\/calendrier-de-lactivite\/1ere-activite\/","title":{"rendered":"1\u00e8re activit\u00e9"},"content":{"rendered":"<p>Bonjour \u00e0 tout le monde !<\/p>\n<p>Je me r\u00e9jouis de vous pr\u00e9senter cette magnifique aventure d&rsquo;\u00e9criture que nous allons vivre ensemble.<\/p>\n<p>Je m&rsquo;appelle Tristan et j&rsquo;aurai le plaisir de g\u00e9rer cet atelier.<\/p>\n<p>Ces prochains mois, vous allez r\u00e9diger une histoire avec d&rsquo;autres classes de la BdL. A cet effet, <strong>Sampar<\/strong> nous offre trois illustrations afin d&rsquo;affuter votre imaginaire !<\/p>\n<p><strong>Voici comment va se d\u00e9rouler cet atelier&#8230;<\/strong><\/p>\n<p>Vous allez \u00e9crire le d\u00e9but de l&rsquo;histoire&#8230;<\/p>\n<p><a href=\"http:\/\/www.bataille-des-livres.ch\/wp\/sampar2014\/files\/2014\/11\/image-1-nv-21.jpg\"><img loading=\"lazy\" class=\"alignnone  wp-image-40\" src=\"http:\/\/www.bataille-des-livres.ch\/wp\/sampar2014\/files\/2014\/11\/image-1-nv-21-300x225.jpg\" alt=\"image 1 nv 2\" width=\"444\" height=\"337\" \/><\/a><\/p>\n<p>un petit aper\u00e7u de la deuxi\u00e8me peut vous aider&#8230;<\/p>\n<p><a href=\"http:\/\/www.bataille-des-livres.ch\/wp\/sampar2014\/files\/2014\/11\/image-2-sampar-fenetre.jpg\"><img loading=\"lazy\" class=\"alignnone size-medium wp-image-33\" src=\"http:\/\/www.bataille-des-livres.ch\/wp\/sampar2014\/files\/2014\/11\/image-2-sampar-fenetre-185x300.jpg\" alt=\"image 2 sampar fenetre\" width=\"185\" height=\"300\" srcset=\"http:\/\/www.bataille-des-livres.ch\/wp\/sampar2014\/files\/2014\/11\/image-2-sampar-fenetre-185x300.jpg 185w, http:\/\/www.bataille-des-livres.ch\/wp\/sampar2014\/files\/2014\/11\/image-2-sampar-fenetre.jpg 448w\" sizes=\"(max-width: 185px) 100vw, 185px\" \/><\/a><\/p>\n<p>Maintenant c&rsquo;est \u00e0 vous de jouer. J&rsquo;attends votre premi\u00e8re publication sur le site d&rsquo;ici au 3 d\u00e9cembre au plus tard.<\/p>\n<p>Chaque classe votera ensuite pour le d\u00e9but de l\u2019histoire qu&rsquo;elle pr\u00e9f\u00e8re. Une fois le choix arr\u00eat\u00e9, je publierai la deuxi\u00e8me illustration en entier, ainsi qu&rsquo;un aper\u00e7u de la troisi\u00e8me.<\/p>\n<p>En cliquant sur la rubrique \u00ab\u00a0calendrier de l&rsquo;activit\u00e9\u00a0\u00bb, vous trouverez toutes les dates utiles.<\/p>\n<p>Et maintenant \u00e0 vos plumes ou vos claviers !<\/p>\n","protected":false},"excerpt":{"rendered":"<p>Bonjour \u00e0 tout le monde ! Je me r\u00e9jouis de vous pr\u00e9senter cette magnifique aventure d&rsquo;\u00e9criture que nous allons vivre ensemble. Je m&rsquo;appelle Tristan et j&rsquo;aurai le plaisir de g\u00e9rer cet atelier. Ces prochains mois, vous allez r\u00e9diger une histoire &hellip; <a href=\"http:\/\/www.bataille-des-livres.ch\/wp\/sampar2014\/calendrier-de-lactivite\/1ere-activite\/\">Continuer la lecture <span class=\"meta-nav\">&rarr;<\/span><\/a><\/p>\n","protected":false},"author":1,"featured_media":0,"parent":10,"menu_order":0,"comment_status":"open","ping_status":"closed","template":"","meta":[],"_links":{"self":[{"href":"http:\/\/www.bataille-des-livres.ch\/wp\/sampar2014\/wp-json\/wp\/v2\/pages\/17"}],"collection":[{"href":"http:\/\/www.bataille-des-livres.ch\/wp\/sampar2014\/wp-json\/wp\/v2\/pages"}],"about":[{"href":"http:\/\/www.bataille-des-livres.ch\/wp\/sampar2014\/wp-json\/wp\/v2\/types\/page"}],"author":[{"embeddable":true,"href":"http:\/\/www.bataille-des-livres.ch\/wp\/sampar2014\/wp-json\/wp\/v2\/users\/1"}],"replies":[{"embeddable":true,"href":"http:\/\/www.bataille-des-livres.ch\/wp\/sampar2014\/wp-json\/wp\/v2\/comments?post=17"}],"version-history":[{"count":8,"href":"http:\/\/www.bataille-des-livres.ch\/wp\/sampar2014\/wp-json\/wp\/v2\/pages\/17\/revisions"}],"predecessor-version":[{"id":49,"href":"http:\/\/www.bataille-des-livres.ch\/wp\/sampar2014\/wp-json\/wp\/v2\/pages\/17\/revisions\/49"}],"up":[{"embeddable":true,"href":"http:\/\/www.bataille-des-livres.ch\/wp\/sampar2014\/wp-json\/wp\/v2\/pages\/10"}],"wp:attachment":[{"href":"http:\/\/www.bataille-des-livres.ch\/wp\/sampar2014\/wp-json\/wp\/v2\/media?parent=17"}],"curies":[{"name":"wp","href":"https:\/\/api.w.org\/{rel}","templated":true}]}}

1ère activité

<p>Bonjour à tout le monde !</p>
<p>Je me réjouis de vous présenter cette magnifique aventure d&rsquo;écriture que nous allons vivre ensemble.</p>
<p>Je m&rsquo;appelle Tristan et j&rsquo;aurai le plaisir de gérer cet atelier.</p>
<p>Ces prochains mois, vous allez rédiger une histoire avec d&rsquo;autres classes de la BdL. A cet effet, <strong>Sampar</strong> nous offre trois illustrations afin d&rsquo;affuter votre imaginaire !</p>
<p><strong>Voici comment va se dérouler cet atelier&#8230;</strong></p>
<p>Vous allez écrire le début de l&rsquo;histoire&#8230;</p>
<p><a href="http://www.bataille-des-livres.ch/wp/sampar2014/files/2014/11/image-1-nv-21.jpg"><img loading="lazy" class="alignnone  wp-image-40" src="http://www.bataille-des-livres.ch/wp/sampar2014/files/2014/11/image-1-nv-21-300x225.jpg" alt="image 1 nv 2" width="444" height="337" /></a></p>
<p>un petit aperçu de la deuxième peut vous aider&#8230;</p>
<p><a href="http://www.bataille-des-livres.ch/wp/sampar2014/files/2014/11/image-2-sampar-fenetre.jpg"><img loading="lazy" class="alignnone size-medium wp-image-33" src="http://www.bataille-des-livres.ch/wp/sampar2014/files/2014/11/image-2-sampar-fenetre-185x300.jpg" alt="image 2 sampar fenetre" width="185" height="300" srcset="http://www.bataille-des-livres.ch/wp/sampar2014/files/2014/11/image-2-sampar-fenetre-185x300.jpg 185w, http://www.bataille-des-livres.ch/wp/sampar2014/files/2014/11/image-2-sampar-fenetre.jpg 448w" sizes="(max-width: 185px) 100vw, 185px" /></a></p>
<p>Maintenant c&rsquo;est à vous de jouer. J&rsquo;attends votre première publication sur le site d&rsquo;ici au 3 décembre au plus tard.</p>
<p>Chaque classe votera ensuite pour le début de l’histoire qu&rsquo;elle préfère. Une fois le choix arrêté, je publierai la deuxième illustration en entier, ainsi qu&rsquo;un aperçu de la troisième.</p>
<p>En cliquant sur la rubrique « calendrier de l&rsquo;activité », vous trouverez toutes les dates utiles.</p>
<p>Et maintenant à vos plumes ou vos claviers !</p>

<p>Bonjour à tout le monde ! Je me réjouis de vous présenter cette magnifique aventure d&rsquo;écriture que nous allons vivre ensemble. Je m&rsquo;appelle Tristan et j&rsquo;aurai le plaisir de gérer cet atelier. Ces prochains mois, vous allez rédiger une histoire &hellip; <a href="http://www.bataille-des-livres.ch/wp/sampar2014/calendrier-de-lactivite/1ere-activite/">Continuer la lecture <span class="meta-nav">&rarr;</span></a></p>
