{"id":10,"date":"2020-10-09T09:09:03","date_gmt":"2020-10-09T07:09:03","guid":{"rendered":"http:\/\/www.bataille-des-livres.ch\/wp\/2020delamarre\/?page_id=10"},"modified":"2020-12-05T14:08:23","modified_gmt":"2020-12-05T13:08:23","slug":"2eme-etape","status":"publish","type":"page","link":"https:\/\/www.bataille-des-livres.ch\/wp\/2020delamarre\/2eme-etape\/","title":{"rendered":"2\u00e8me \u00e9tape"},"content":{"rendered":"\n<p class=\"has-background\" style=\"background-color:#ffd8d9\"> Seules les classes <strong>inscrites aux ateliers<\/strong> pourront poster leur r\u00e9ponse.<\/p>\n\n\n\n<p class=\"has-light-gray-background-color has-background\"><a href=\"http:\/\/www.bataille-des-livres.ch\/wp\/2020delamarre\/files\/2020\/12\/Atelier-Bdl-deuxieme-etape-V2.pdf\" target=\"_blank\" rel=\"noreferrer noopener\">Vous pouvez t\u00e9l\u00e9charger la 2\u00e8me mission compl\u00e8te en PDF ici.<\/a><\/p>\n\n\n\n<p>Chers jeunes auteurs de l\u2019atelier d\u2019\u00e9criture,<\/p>\n\n\n\n<p>Quel plaisir j\u2019ai pris \u00e0 lire vos textes&nbsp;! Merci&nbsp;! Vous avez fait preuve d\u2019une grande cr\u00e9ativit\u00e9, et vous avez solidement ancr\u00e9 le d\u00e9but de chacune de vos histoires. Tr\u00e8s beau travail&nbsp;!<\/p>\n\n\n\n<p>Avez-vous lu les productions des autres classes&nbsp;? Je vous invite \u00e0 le faire, vous verrez combien chaque histoire est diff\u00e9rente. Vos personnages, vos lieux, vos anecdotes sont uniques. Vive la diversit\u00e9&nbsp;!<\/p>\n\n\n\n<p>Nous allons maintenant passer \u00e0 l\u2019\u00e9tape suivante\u00a0: <span style=\"color:#ff00dd\" class=\"has-inline-color\">l\u2019enqu\u00eate\u00a0&#8211; les p\u00e9rip\u00e9ties<\/span>.<\/p>\n\n\n\n<p><strong>L\u2019enqu\u00eate \u2013 les p\u00e9rip\u00e9ties<\/strong><\/p>\n\n\n\n<p><span style=\"color:#ff00dd\" class=\"has-inline-color\">Voil\u00e0 ce que vous savez d\u00e9j\u00e0\u00a0:<\/span> o\u00f9 se passe l\u2019histoire, quand, qui sont les personnages (chaque classe a invent\u00e9 sa d\u00e9licieuse petite famille de personnages), ce que fait notre ch\u00e8re Ally depuis son arriv\u00e9e jusqu\u2019\u00e0 son coucher. Et maintenant, Ally a disparu\u00a0!<\/p>\n\n\n\n<p>Vous avez franchi les deux premi\u00e8res \u00e9tapes du sch\u00e9ma narratif&nbsp;: la situation initiale et l\u2019\u00e9l\u00e9ment d\u00e9clencheur. Bravo&nbsp;!<\/p>\n\n\n\n<p><span style=\"color:#ff00dd\" class=\"has-inline-color\">Maintenant passons \u00e0 ce que vous ne savez pas encore\u00a0:<\/span> que s\u2019est-il pass\u00e9\u00a0? O\u00f9 est Ally\u00a0? Pourquoi a-t-elle disparu\u00a0? Kidnapping, simple balade\u00a0? Pourquoi\u00a0? O\u00f9 est-elle\u00a0? Y a-t-il des indices dans sa chambre\u00a0? Lesquels\u00a0? Etc.<\/p>\n\n\n\n<p>Le temps est venu de se poser toutes ces questions.<\/p>\n\n\n\n<p>Je vous fais une confidence&nbsp;: un auteur se pose beaucoup de questions, car il y a mille pistes possibles pour une histoire, il faut faire des choix.<\/p>\n\n\n\n<p><strong>Premier travail <\/strong><\/p>\n\n\n\n<p><span style=\"color:#ff00dd\" class=\"has-inline-color\">Votre premier travail sera de d\u00e9cider entre vous ce qui est arriv\u00e9 \u00e0 Ally et de l\u2019\u00e9crire sous forme de r\u00e9sum\u00e9.<\/span><\/p>\n\n\n\n<p>Dans une enqu\u00eate, le <span style=\"color:#ff00dd\" class=\"has-inline-color\">lecteur<\/span> ne doit rien deviner avant la fin, mais l\u2019<span style=\"color:#ff00dd\" class=\"has-inline-color\">auteur<\/span> doit tout savoir d\u00e8s le d\u00e9but.<\/p>\n\n\n\n<p>Un auteur de roman policier sait qui est le coupable, comment les choses se sont pass\u00e9es et o\u00f9 se trouve la victime. Ensuite il s\u2019amuse \u00e0 jouer \u00e0 cache-cache avec le lecteur pour cr\u00e9er du suspense.<\/p>\n\n\n\n<p>Exemple de r\u00e9sum\u00e9&nbsp;(un peu loufoque, bien s\u00fbr, vous trouverez bien mieux)<\/p>\n\n\n\n<p>\u00ab&nbsp;<em>Pendant qu\u2019elle dormait, des extraterrestres, fans d\u2019Ally, se sont pos\u00e9s dans sa chambre et l\u2019ont suppli\u00e9e de les accompagner sur la plan\u00e8te A567. Elle a accept\u00e9, mais en d\u00e9collant le vaisseau a laiss\u00e9 des traces&nbsp;: lit en bazar, des empreintes sur le sol et un bouton de veste scintillant. Les extra-terrestres ont \u00e9t\u00e9 gentils avec Ally, mais elle est rest\u00e9e plus de temps que pr\u00e9vu et elle n\u2019est pas de retour quand son r\u00e9veil sonne.<\/em>&nbsp;\u00bb<\/p>\n\n\n\n<p>\u00c0 vous d\u2019\u00e9crire votre r\u00e9sum\u00e9 de la disparition de votre Ally.<\/p>\n\n\n\n<p>Ce petit texte est <span style=\"color:#ff00dd\" class=\"has-inline-color\">un secret d\u2019\u00e9crivain<\/span>, il ne sera pas dans votre histoire, le lecteur ne le lira jamais, mais il va vous servir de guide.<\/p>\n\n\n\n<p>Vous me l\u2019enverrez quand m\u00eame, car il faut que je sois dans la confidence pour comprendre ce que vous avez en t\u00eate et vous aider \u00e0 avancer.<\/p>\n\n\n\n<p><strong>Second travail<\/strong><\/p>\n\n\n\n<p><span style=\"color:#ff00dd\" class=\"has-inline-color\">Nous allons nous amuser \u00e0 \u00e9crire des fausses pistes\u00a0!<\/span><\/p>\n\n\n\n<p>C\u2019est une bonne mani\u00e8re de cr\u00e9er du suspense.<\/p>\n\n\n\n<p>Comment faire&nbsp;: vos enqu\u00eateurs&nbsp;vont avoir des id\u00e9es, des intuitions, trouver des indices, dans l\u2019h\u00f4tel ou ailleurs et commencer \u00e0 enqu\u00eater. Vous allez vous amuser \u00e0 partir sur une ou plusieurs fausses pistes.<\/p>\n\n\n\n<p>Et la prochaine fois, dans la troisi\u00e8me \u00e9tape, vos enqu\u00eateurs partiront sur la vraie piste et retrouveront Ally.<\/p>\n\n\n\n<p>\u00c7a joue pour vous&nbsp;?<\/p>\n\n\n\n<p><strong>Troisi\u00e8me travail (facultatif)<\/strong><\/p>\n\n\n\n<p><span style=\"color:#ff00dd\" class=\"has-inline-color\">Un article de journal<\/span><\/p>\n\n\n\n<p>Imaginez donc&nbsp;! La c\u00e9l\u00e8bre Ally Potter a disparu&nbsp;!<\/p>\n\n\n\n<p>Tous les journaux en parlent. Transformez-vous en journalistes et \u00e9crivez votre article.<\/p>\n\n\n\n<p>Ou peut-\u00eatre la nouvelle de sa disparition n\u2019a pas encore fuit\u00e9\u2026 dans ce cas, pas de journalistes, pas de scoop, restons directs.<\/p>\n\n\n\n<p><strong>Quelques conseils <\/strong><\/p>\n\n\n\n<ul><li>Pour ceux qui ne l\u2019ont pas encore fait, vous pouvez commencer \u00e0 \u00e9crire des dialogues. En effet, vos deux enqu\u00eateurs vont devoir communiquer.<\/li><li>Pour ceux qui h\u00e9sitent encore entre \u00e9crire un texte au pr\u00e9sent ou au pass\u00e9, il faut faire un choix. Les deux sont possibles et chaque solution pr\u00e9sente des avantages.<\/li><li>N\u2019oubliez pas qu\u2019\u00e0 la fin, on retrouvera Ally, en bon \u00e9tat&nbsp;! Ne lui faites pas vivre mille souffrances, ne lui faites pas perdre tout son sang, soyez un peu gentils avec elle. Pas de morts, pas trop de violence, \u00e0 vous de trouver le bon dosage. On peut tout \u00e0 fait \u00e9crire une histoire qui fait peur sans assassiner tous les personnages. Parfois, ce qu\u2019on imagine fait plus peur que ce qui se passe vraiment. Alors, amusez-vous avec l\u2019imagination de votre lecteur&nbsp;!<\/li><\/ul>\n\n\n\n<p>\u00c0 vous de jouer&nbsp;!<\/p>\n\n\n\n<p>Je suis impatiente de voir ce que vous allez imaginer&nbsp;!<\/p>\n\n\n\n<p>Bon courage&nbsp;!<\/p>\n\n\n\n<p>V\u00e9ronique<\/p>\n\n\n\n<div class=\"wp-container-1 wp-block-group\"><div class=\"wp-block-group__inner-container\"><\/div><\/div>\n\n\n\n<p class=\"has-light-gray-background-color has-background\">V\u00e9ronique Delamarre Bell\u00e9go attend avec impatience vos travaux pour le <strong>vendredi 22 janvier.<\/strong><\/p>\n\n\n\n<p><\/p>\n","protected":false},"excerpt":{"rendered":"<p>Seules les classes inscrites aux ateliers pourront poster leur r\u00e9ponse. Vous pouvez t\u00e9l\u00e9charger la 2\u00e8me mission compl\u00e8te en PDF ici. Chers jeunes auteurs de l\u2019atelier d\u2019\u00e9criture, Quel plaisir j\u2019ai pris \u00e0 lire vos textes&nbsp;! Merci&nbsp;! Vous avez fait preuve d\u2019une &hellip; <a href=\"https:\/\/www.bataille-des-livres.ch\/wp\/2020delamarre\/2eme-etape\/\">Continuer la lecture <span class=\"meta-nav\">&rarr;<\/span><\/a><\/p>\n","protected":false},"author":1,"featured_media":0,"parent":0,"menu_order":0,"comment_status":"open","ping_status":"closed","template":"","meta":[],"_links":{"self":[{"href":"https:\/\/www.bataille-des-livres.ch\/wp\/2020delamarre\/wp-json\/wp\/v2\/pages\/10"}],"collection":[{"href":"https:\/\/www.bataille-des-livres.ch\/wp\/2020delamarre\/wp-json\/wp\/v2\/pages"}],"about":[{"href":"https:\/\/www.bataille-des-livres.ch\/wp\/2020delamarre\/wp-json\/wp\/v2\/types\/page"}],"author":[{"embeddable":true,"href":"https:\/\/www.bataille-des-livres.ch\/wp\/2020delamarre\/wp-json\/wp\/v2\/users\/1"}],"replies":[{"embeddable":true,"href":"https:\/\/www.bataille-des-livres.ch\/wp\/2020delamarre\/wp-json\/wp\/v2\/comments?post=10"}],"version-history":[{"count":3,"href":"https:\/\/www.bataille-des-livres.ch\/wp\/2020delamarre\/wp-json\/wp\/v2\/pages\/10\/revisions"}],"predecessor-version":[{"id":77,"href":"https:\/\/www.bataille-des-livres.ch\/wp\/2020delamarre\/wp-json\/wp\/v2\/pages\/10\/revisions\/77"}],"wp:attachment":[{"href":"https:\/\/www.bataille-des-livres.ch\/wp\/2020delamarre\/wp-json\/wp\/v2\/media?parent=10"}],"curies":[{"name":"wp","href":"https:\/\/api.w.org\/{rel}","templated":true}]}}