{"id":21,"date":"2021-10-05T08:47:17","date_gmt":"2021-10-05T06:47:17","guid":{"rendered":"https:\/\/www.bataille-des-livres.ch\/wp\/2021vidal\/?page_id=21"},"modified":"2022-04-17T15:13:27","modified_gmt":"2022-04-17T13:13:27","slug":"4eme-etape","status":"publish","type":"page","link":"https:\/\/www.bataille-des-livres.ch\/wp\/2021vidal\/","title":{"rendered":"4\u00e8me \u00e9tape"},"content":{"rendered":"\n<p class=\"has-background\" style=\"background-color:#ffd8d9\"> Seules les classes <strong>inscrites aux ateliers<\/strong> pourront poster leur r\u00e9ponse.<\/p>\n\n\n\n<p>S\u00e9verine Vidal a r\u00e9agi aux publications des classes A sur la page de la 3\u00e8me \u00e9tape.<\/p>\n\n\n\n<p>Vous trouverez ci-dessous sa derni\u00e8re mission et les trois\u00e8mes \u00e9tapes \u00e9crites par les classes A :<\/p>\n\n\n\n<p class=\"has-text-align-center has-medium-gray-color has-text-color has-background\" style=\"background-color:#9cd4ff\"><a href=\"http:\/\/www.bataille-des-livres.ch\/wp\/2021vidal\/files\/2022\/04\/Mission-4.-Severine-Vidaldocx.pdf\">T\u00e9l\u00e9chargez les consignes de la 4\u00e8me \u00e9tape ici.<\/a><\/p>\n\n\n\n<div class=\"wp-block-file\"><a id=\"wp-block-file--media-ee34844b-a29d-46f2-a9ae-711f5c7cd662\" href=\"http:\/\/www.bataille-des-livres.ch\/wp\/2021vidal\/files\/2022\/04\/Classe-Aline-Durand-EP-Vevey.pdf\">Classe Aline Durand EP Vevey<\/a><a href=\"http:\/\/www.bataille-des-livres.ch\/wp\/2021vidal\/files\/2022\/04\/Classe-Aline-Durand-EP-Vevey.pdf\" class=\"wp-block-file__button\" download aria-describedby=\"wp-block-file--media-ee34844b-a29d-46f2-a9ae-711f5c7cd662\">T\u00e9l\u00e9charger<\/a><\/div>\n\n\n\n<div class=\"wp-block-file\"><a id=\"wp-block-file--media-fb74739d-1c35-4f10-a82e-c16afd2e73b9\" href=\"http:\/\/www.bataille-des-livres.ch\/wp\/2021vidal\/files\/2022\/04\/Classe-Lisa-Thurnherr-CSVR-Ecole-de-Fontaines.pdf\">Classe Lisa Thurnherr CSVR-Ecole de Fontaines<\/a><a href=\"http:\/\/www.bataille-des-livres.ch\/wp\/2021vidal\/files\/2022\/04\/Classe-Lisa-Thurnherr-CSVR-Ecole-de-Fontaines.pdf\" class=\"wp-block-file__button\" download aria-describedby=\"wp-block-file--media-fb74739d-1c35-4f10-a82e-c16afd2e73b9\">T\u00e9l\u00e9charger<\/a><\/div>\n\n\n\n<div class=\"wp-block-file\"><a id=\"wp-block-file--media-93c281d0-2064-4f1d-93b2-6f92f313bb4d\" href=\"http:\/\/www.bataille-des-livres.ch\/wp\/2021vidal\/files\/2022\/04\/Classe-Maryline-Fournier-Centre-scolaire-dErde-St-Famille.pdf\">Classe Maryline Fournier Centre scolaire d&rsquo;Erde (St-Famille)<\/a><a href=\"http:\/\/www.bataille-des-livres.ch\/wp\/2021vidal\/files\/2022\/04\/Classe-Maryline-Fournier-Centre-scolaire-dErde-St-Famille.pdf\" class=\"wp-block-file__button\" download aria-describedby=\"wp-block-file--media-93c281d0-2064-4f1d-93b2-6f92f313bb4d\">T\u00e9l\u00e9charger<\/a><\/div>\n\n\n\n<div class=\"wp-block-file\"><a id=\"wp-block-file--media-5b9c2453-086f-4b5d-8ee0-9fc6afe502d3\" href=\"http:\/\/www.bataille-des-livres.ch\/wp\/2021vidal\/files\/2022\/04\/Classe-A.-Carrupt.pdf\">Classe A. Carrupt<\/a><a href=\"http:\/\/www.bataille-des-livres.ch\/wp\/2021vidal\/files\/2022\/04\/Classe-A.-Carrupt.pdf\" class=\"wp-block-file__button\" download aria-describedby=\"wp-block-file--media-5b9c2453-086f-4b5d-8ee0-9fc6afe502d3\">T\u00e9l\u00e9charger<\/a><\/div>\n\n\n\n<p class=\"has-light-gray-background-color has-background\">S\u00e9verine Vidal attend avec impatience vos travaux pour le <strong>vendredi 3 juin.<\/strong><\/p>\n","protected":false},"excerpt":{"rendered":"<p>Seules les classes inscrites aux ateliers pourront poster leur r\u00e9ponse. S\u00e9verine Vidal a r\u00e9agi aux publications des classes A sur la page de la 3\u00e8me \u00e9tape. Vous trouverez ci-dessous sa derni\u00e8re mission et les trois\u00e8mes \u00e9tapes \u00e9crites par les classes &hellip; <a href=\"https:\/\/www.bataille-des-livres.ch\/wp\/2021vidal\/\">Continuer la lecture <span class=\"meta-nav\">&rarr;<\/span><\/a><\/p>\n","protected":false},"author":1,"featured_media":0,"parent":0,"menu_order":0,"comment_status":"open","ping_status":"closed","template":"","meta":[],"_links":{"self":[{"href":"https:\/\/www.bataille-des-livres.ch\/wp\/2021vidal\/wp-json\/wp\/v2\/pages\/21"}],"collection":[{"href":"https:\/\/www.bataille-des-livres.ch\/wp\/2021vidal\/wp-json\/wp\/v2\/pages"}],"about":[{"href":"https:\/\/www.bataille-des-livres.ch\/wp\/2021vidal\/wp-json\/wp\/v2\/types\/page"}],"author":[{"embeddable":true,"href":"https:\/\/www.bataille-des-livres.ch\/wp\/2021vidal\/wp-json\/wp\/v2\/users\/1"}],"replies":[{"embeddable":true,"href":"https:\/\/www.bataille-des-livres.ch\/wp\/2021vidal\/wp-json\/wp\/v2\/comments?post=21"}],"version-history":[{"count":5,"href":"https:\/\/www.bataille-des-livres.ch\/wp\/2021vidal\/wp-json\/wp\/v2\/pages\/21\/revisions"}],"predecessor-version":[{"id":97,"href":"https:\/\/www.bataille-des-livres.ch\/wp\/2021vidal\/wp-json\/wp\/v2\/pages\/21\/revisions\/97"}],"wp:attachment":[{"href":"https:\/\/www.bataille-des-livres.ch\/wp\/2021vidal\/wp-json\/wp\/v2\/media?parent=21"}],"curies":[{"name":"wp","href":"https:\/\/api.w.org\/{rel}","templated":true}]}}

4ème étape

<p class="has-background" style="background-color:#ffd8d9"> Seules les classes <strong>inscrites aux ateliers</strong> pourront poster leur réponse.</p>



<p>Séverine Vidal a réagi aux publications des classes A sur la page de la 3ème étape.</p>



<p>Vous trouverez ci-dessous sa dernière mission et les troisèmes étapes écrites par les classes A :</p>



<p class="has-text-align-center has-medium-gray-color has-text-color has-background" style="background-color:#9cd4ff"><a href="http://www.bataille-des-livres.ch/wp/2021vidal/files/2022/04/Mission-4.-Severine-Vidaldocx.pdf">Téléchargez les consignes de la 4ème étape ici.</a></p>



<div class="wp-block-file"><a id="wp-block-file--media-ee34844b-a29d-46f2-a9ae-711f5c7cd662" href="http://www.bataille-des-livres.ch/wp/2021vidal/files/2022/04/Classe-Aline-Durand-EP-Vevey.pdf">Classe Aline Durand EP Vevey</a><a href="http://www.bataille-des-livres.ch/wp/2021vidal/files/2022/04/Classe-Aline-Durand-EP-Vevey.pdf" class="wp-block-file__button" download aria-describedby="wp-block-file--media-ee34844b-a29d-46f2-a9ae-711f5c7cd662">Télécharger</a></div>



<div class="wp-block-file"><a id="wp-block-file--media-fb74739d-1c35-4f10-a82e-c16afd2e73b9" href="http://www.bataille-des-livres.ch/wp/2021vidal/files/2022/04/Classe-Lisa-Thurnherr-CSVR-Ecole-de-Fontaines.pdf">Classe Lisa Thurnherr CSVR-Ecole de Fontaines</a><a href="http://www.bataille-des-livres.ch/wp/2021vidal/files/2022/04/Classe-Lisa-Thurnherr-CSVR-Ecole-de-Fontaines.pdf" class="wp-block-file__button" download aria-describedby="wp-block-file--media-fb74739d-1c35-4f10-a82e-c16afd2e73b9">Télécharger</a></div>



<div class="wp-block-file"><a id="wp-block-file--media-93c281d0-2064-4f1d-93b2-6f92f313bb4d" href="http://www.bataille-des-livres.ch/wp/2021vidal/files/2022/04/Classe-Maryline-Fournier-Centre-scolaire-dErde-St-Famille.pdf">Classe Maryline Fournier Centre scolaire d&rsquo;Erde (St-Famille)</a><a href="http://www.bataille-des-livres.ch/wp/2021vidal/files/2022/04/Classe-Maryline-Fournier-Centre-scolaire-dErde-St-Famille.pdf" class="wp-block-file__button" download aria-describedby="wp-block-file--media-93c281d0-2064-4f1d-93b2-6f92f313bb4d">Télécharger</a></div>



<div class="wp-block-file"><a id="wp-block-file--media-5b9c2453-086f-4b5d-8ee0-9fc6afe502d3" href="http://www.bataille-des-livres.ch/wp/2021vidal/files/2022/04/Classe-A.-Carrupt.pdf">Classe A. Carrupt</a><a href="http://www.bataille-des-livres.ch/wp/2021vidal/files/2022/04/Classe-A.-Carrupt.pdf" class="wp-block-file__button" download aria-describedby="wp-block-file--media-5b9c2453-086f-4b5d-8ee0-9fc6afe502d3">Télécharger</a></div>



<p class="has-light-gray-background-color has-background">Séverine Vidal attend avec impatience vos travaux pour le <strong>vendredi 3 juin.</strong></p>

<p>Seules les classes inscrites aux ateliers pourront poster leur réponse. Séverine Vidal a réagi aux publications des classes A sur la page de la 3ème étape. Vous trouverez ci-dessous sa dernière mission et les troisèmes étapes écrites par les classes &hellip; <a href="https://www.bataille-des-livres.ch/wp/2021vidal/">Continuer la lecture <span class="meta-nav">&rarr;</span></a></p>
